te?
False
Is 12160648417 a composite number?
False
Is 108541891 prime?
True
Is 29550306587 a prime number?
True
Is 62630467 a composite number?
True
Is 135862787491 composite?
True
Is 57445002337 composite?
False
Is 1180002871 a composite number?
False
Is 7142526193 a composite number?
True
Is 158663305903 prime?
True
Is 3040726334 a composite number?
True
Is 7695988021 a prime number?
False
Is 7474261931 a prime number?
True
Is 536705326 composite?
True
Is 15844112161 composite?
False
Is 303880261 composite?
False
Is 347662229 prime?
False
Is 15368049127 a prime number?
False
Is 1873546669 composite?
False
Is 1485860899 a prime number?
True
Is 16375982871 prime?
False
Is 13736528737 composite?
False
Is 18091640186 composite?
True
Is 391868151653 a composite number?
True
Is 1287211945 composite?
True
Is 38752757387 composite?
False
Is 692431699 composite?
False
Is 1006873867 prime?
True
Is 793354973 composite?
True
Is 509784031 prime?
False
Is 4577021731 a composite number?
False
Is 16695749591 composite?
False
Is 32473239521 prime?
True
Is 1026050161 prime?
False
Is 5981124921 a composite number?
True
Is 86821945891 composite?
False
Is 12924545657 a prime number?
True
Is 5130085351 a prime number?
True
Is 67146014521 prime?
False
Is 2200539779 a prime number?
False
Is 5185177069 a composite number?
True
Is 129822330809 composite?
False
Is 1384726963 prime?
False
Is 1394782919 a prime number?
False
Is 296272058 a prime number?
False
Is 3011126806 prime?
False
Is 85291709 composite?
False
Is 56838479 prime?
False
Is 102336322843 a composite number?
True
Is 17047656029 a prime number?
False
Is 738024737 a composite number?
False
Is 1247926301 prime?
True
Is 24404739251 a prime number?
True
Is 102396114033 a prime number?
False
Is 20801849 a composite number?
False
Is 37314815933 a composite number?
True
Is 33711874501 composite?
False
Is 8154528523 prime?
True
Is 420260131 composite?
False
Is 146052653 composite?
True
Is 23097625301 a composite number?
False
Is 15052893217 composite?
True
Is 637633547 a composite number?
False
Is 17175469567 a prime number?
False
Is 4522109593 a prime number?
False
Is 8080038761 composite?
False
Is 1917391369 a composite number?
False
Is 2178826591 composite?
False
Is 1551523543 a composite number?
False
Is 1385701823 composite?
True
Is 1968864697 composite?
False
Is 2003540983 prime?
True
Is 994829449 prime?
True
Is 2244613367 a composite number?
True
Is 688728529 composite?
False
Is 36161722 composite?
True
Is 29937427513 a composite number?
True
Is 2554619926 a prime number?
False
Is 50966056987 composite?
True
Is 554824171 prime?
False
Is 1550120059 composite?
True
Is 182899271 a prime number?
False
Is 586766039 a composite number?
False
Is 10887986069 a prime number?
True
Is 2187232133 a composite number?
False
Is 7062828401 a prime number?
True
Is 7158767207 a prime number?
False
Is 843751109 composite?
True
Is 58523786887 prime?
True
Is 1920985393 a prime number?
True
Is 18222389081 prime?
False
Is 9850823 a composite number?
True
Is 236384296327 prime?
True
Is 1742977429 prime?
False
Is 3417184151 a composite number?
True
Is 20822722253 prime?
True
Is 500153257 prime?
True
Is 9098203099 prime?
False
Is 4026019071 prime?
False
Is 813830389 prime?
True
Is 1609310513 a prime number?
True
Is 1639608293 prime?
False
Is 83067489811 prime?
True
Is 94899000061 composite?
False
Is 162968233 a prime number?
True
Is 4211690491 prime?
True
Is 19906221233 composite?
True
Is 172685761 a composite number?
False
Is 524691551 composite?
True
Is 11065833247 a composite number?
True
Is 66109945586 a prime number?
False
Is 2880959387 a composite number?
True
Is 1354987469 composite?
True
Is 7060060457 a composite number?
False
Is 5461091 prime?
False
Is 202162449 a composite number?
True
Is 1550983333 composite?
False
Is 924274577 a prime number?
True
Is 9265364501 a composite number?
True
Is 1161841921 a prime number?
False
Is 15107115293 prime?
True
Is 278112120485 composite?
True
Is 29219746937 prime?
True
Is 1346289803 a prime number?
True
Is 22586508289 a prime number?
True
Is 4517268341 prime?
True
Is 13760984929 prime?
True
Is 18831830881 a prime number?
True
Is 10752147659 a prime number?
False
Is 12303555091 a prime number?
True
Is 1613426561 composite?
True
Is 21213162917 a composite number?
True
Is 15298606501 prime?
False
Is 107589539 a prime number?
True
Is 11038664771 composite?
True
Is 89500957811 a prime number?
True
Is 10359693913 composite?
False
Is 3582581419 composite?
True
Is 1420736287 a prime number?
True
Is 37711289459 prime?
True
Is 188585760641 a prime number?
False
Is 150503957 composite?
False
Is 3161463211 prime?
True
Is 8341355751 prime?
False
Is 5563265503 composite?
False
Is 11975660797 prime?
False
Is 91391743 a prime number?
True
Is 5498839403 prime?
False
Is 109153621 prime?
True
Is 2662656307 a composite number?
True
Is 2348602169 composite?
False
Is 43915969 a prime number?
True
Is 3646248041 prime?
True
Is 18309115049 a prime number?
False
Is 20234761061 a prime number?
True
Is 953940067 a composite number?
False
Is 86209307993 a prime number?
True
Is 3019731119 composite?
False
Is 9960704137 composite?
False
Is 85513262654 composite?
True
Is 13373929747 prime?
True
Is 8086436039 prime?
False
Is 13213591637 a composite number?
False
Is 754147789 a prime number?
False
Is 2669586905 composite?
True
Is 14329021351 a prime number?
False
Is 2339467007 prime?
True
Is 23903529707 prime?
True
Is 14742217331 a prime number?
False
Is 33899727571 prime?
True
Is 2152991201 prime?
True
Is 40050103567 a prime number?
False
Is 3438887609 composite?
True
Is 775543343843 prime?
True
Is 1002443419 prime?
False
Is 4535944829 a composite number?
True
Is 52233866513 composite?
False
Is 23116773 a composite number?
True
Is 943007495 prime?
False
Is 7698562705 a prime number?
False
Is 50089492967 a composite number?
True
Is 2749201811 prime?
True
Is 2054063467 a composite number?
False
Is 6856189673 prime?
False
Is 5716218337 prime?
True
Is 101331173 prime?
False
Is 356844589 a prime number?
False
Is 17073949791 a prime number?
False
Is 1582350643 a composite number?
False
Is 182948083 prime?
True
Is 111516831749 a composite number?
False
Is 14754897173 a composite number?
False
Is 2105106217 a composite number?
True
Is 2070409973 a prime number?
True
Is 31685526661 prime?
True
Is 19320155651 a prime number?
False
Is 316562903 a composite number?
True
Is 49157111 prime?
True
Is 172018793 composite?
False
Is 65488687177 composite?
True
Is 1917812833 a prime number?
False
Is 4926601469 a prime number?
False
Is 1098516469 a composite number?
False
Is 14212335965 a composite number?
True
Is 1014507463 prime?
False
Is 3217582471 a prime number?
True
Is 7532389967 prime?
True
Is 232919083 composite?
False
Is 243523127 prime?
False
Is 11514791 a composite number?
False
Is 22668192253 composite?
True
Is 13346398343 prime?
False
Is 532228511 prime?
True
Is 2983950055 composite?
True
Is 6209235467 a prime number?
False
Is 13577674141 a composite number?
True
Is 9034207867 a prime number?
False
Is 164439056137 prime?
False
Is 6905172635 a composite number?
True
Is 6821824501 prime?
True
Is 98823222509 prime?
False
Is 31247144483 a prime number?
True
Is 20064435617 a composite number?
False
Is 2242877587 a prime number?
False
Is 1147540143 prime?
False
Is 33659101199 a prime number?
True
Is 1470097723 prime?
False
Is 1948266469 a prime number?
True
Is 7334863009 prime?
True
Is 4711769 composite?
True
Is 938726773 prime?
True
Is 3165071551 a prime number?
True
Is 75890267 a composite number?
True
Is 779460331 a composite number?
True
Is 10609773821 prime?
True
Is 30724395491 a prime number?
True
Is 71628898993 prime?
False
Is 114839736097 a prime number?
True
Is 182611183 a prime number?
True
Is 2335080967 composite?
True
Is 80815175341 composite?
False
Is 53353235695 a prime number?
False
Is 934860821 prime?
False
Is 2256489427 a composite number?
False
Is 10837536041 a prime number?
False
Is 2393843267 a prime number?
True
Is 3644359259 composite?
True
Is 5782124687 a composite number?
False
Is 17690915351 a composite number?
False
Is 112190671 prime?
True
Is 164038179 a composite number?
True
Is 6395413393 prime?
